t is the tens digit of 345355?
5
What is the hundred thousands digit of 207601?
2
What is the hundred thousands digit of 356910?
3
What is the thousands digit of 79471?
9
What is the ten millions digit of 17569146?
1
What is the tens digit of 3813782?
8
What is the millions digit of 33218972?
3
What is the millions digit of 7284861?
7
What is the ten thousands digit of 11278769?
7
What is the hundred thousands digit of 15852484?
8
What is the ten thousands digit of 317691?
1
What is the units digit of 2371683?
3
What is the tens digit of 2580428?
2
What is the hundreds digit of 46243?
2
What is the hundred thousands digit of 1340317?
3
What is the hundred thousands digit of 1703045?
7
What is the tens digit of 2507626?
2
What is the thousands digit of 1987812?
7
What is the hundred thousands digit of 515686?
5
What is the hundreds digit of 1272187?
1
What is the ten thousands digit of 221956?
2
What is the thousands digit of 351620?
1
What is the hundred thousands digit of 868490?
8
What is the units digit of 742526?
6
What is the thousands digit of 1202759?
2
What is the ten thousands digit of 5517374?
1
What is the hundreds digit of 415729?
7
What is the tens digit of 962152?
5
What is the units digit of 162763?
3
What is the thousands digit of 588452?
8
What is the units digit of 1066121?
1
What is the hundreds digit of 75171?
1
What is the ten millions digit of 40977711?
4
What is the ten thousands digit of 191538?
9
What is the hundreds digit of 1189343?
3
What is the ten thousands digit of 5959153?
5
What is the ten thousands digit of 4032359?
3
What is the tens digit of 8933748?
4
What is the thousands digit of 33041?
3
What is the units digit of 11632311?
1
What is the tens digit of 216499?
9
What is the thousands digit of 7085489?
5
What is the hundreds digit of 320818?
8
What is the ten thousands digit of 8991007?
9
What is the ten thousands digit of 10860731?
6
What is the millions digit of 25567838?
5
What is the hundreds digit of 1161597?
5
What is the tens digit of 2064100?
0
What is the hundreds digit of 25820219?
2
What is the units digit of 933971?
1
What is the ten thousands digit of 13343246?
4
What is the ten thousands digit of 145056?
4
What is the tens digit of 350350?
5
What is the thousands digit of 3269971?
9
What is the millions digit of 3589068?
3
What is the units digit of 3806222?
2
What is the hundreds digit of 1293803?
8
What is the thousands digit of 293499?
3
What is the tens digit of 1903858?
5
What is the ten thousands digit of 698435?
9
What is the ten thousands digit of 866260?
6
What is the thousands digit of 872030?
2
What is the units digit of 803667?
7
What is the hundreds digit of 262690?
6
What is the tens digit of 160700?
0
What is the hundreds digit of 7184624?
6
What is the ten thousands digit of 354815?
5
What is the ten thousands digit of 286898?
8
What is the hundred thousands digit of 10269925?
2
What is the thousands digit of 3755824?
5
What is the units digit of 81482?
2
What is the units digit of 206065?
5
What is the units digit of 6349377?
7
What is the thousands digit of 63563?
3
What is the units digit of 41838?
8
What is the tens digit of 1567974?
7
What is the hundreds digit of 606175?
1
What is the hundred thousands digit of 1076289?
0
What is the thousands digit of 294262?
4
What is the hundreds digit of 2523475?
4
What is the ten millions digit of 11037533?
1
What is the tens digit of 1359588?
8
What is the tens digit of 1003554?
5
What is the thousands digit of 614631?
4
What is the units digit of 571652?
2
What is the hundreds digit of 64043?
0
What is the hundred thousands digit of 121214?
1
What is the hundred thousands digit of 581220?
5
What is the units digit of 36948140?
0
What is the ten millions digit of 14520736?
1
What is the thousands digit of 2984038?
4
What is the hundreds digit of 6338109?
1
What is the thousands digit of 25102?
5
What is the tens digit of 135228?
2
What is the hundreds digit of 330777?
7
What is the millions digit of 19839761?
9
What is the units digit of 534273?
3
What is the thousands digit of 1835456?
5
What is the units digit of 541186?
6
What is the units digit of 5789166?
6
What is the hundreds digit of 689341?
3
What is the units digit of 596830?
0
What is the hundred thousands digit of 3393692?
3
What is the ten millions digit of 17523724?
1
What is the thousands digit of 35647?
5
What is the tens digit of 6616410?
1
What is the thousands digit of 708617?
8
What is the thousands digit of 5421873?
1
What is the hundreds digit of 2634947?
9
What is the thousands digit of 56554?
6
What is the hundreds digit of 1990222?
2
What is the hundred thousands digit of 10941801?
9
What is the hundreds digit of 2072251?
2
What is the units digit of 21365351?
1
What is the thousands digit of 673443?
3
What is the hundred thousands digit of 11787032?
7
What is the hundred thousands digit of 2130036?
1
What is the tens digit of 965515?
1
What is the ten millions digit of 13539897?
1
What is the hundreds digit of 80832?
8
What is the hundreds digit of 77744?
7
What is the ten thousands digit of 18524031?
2
What is the thousands digit of 724883?
4
What is the ten thousands digit of 1876085?
7
What is the thousands digit of 1216017?
6
What is the thousands digit of 250965?
0
What is the tens digit of 5603639?
3
What is the hundreds digit of 1211336?
3
What is the ten millions digit of 23676928?
2
What is the hundreds digit of 795363?
3
What is the units digit of 179025?
5
What is the units digit of 12809898?
8
What is the units digit of 829496?
6
What is the ten thousands digit of 326176?
2
What is the ten thousands digit of 810663?
1
What is the ten thousands digit of 2867330?
6
What is the hundreds digit of 49142?
1
What is the millions digit of 1143402?
1
What is the thousands digit of 930852?
0
What is the ten thousands digit of 472664?
7
What is the hundreds digit of 35353168?
1
What is the units digit of 2098111?
1
What is the millions digit of 6810312?
6
What is the thousands digit of 10286548?
6
What is the thousands digit of 4716839?
6
What is the hundreds digit of 13989400?
4
What is the hundreds digit of 240770?
7
What is the hundred thousands digit of 390954?
3
What is the hundreds digit of 398999?
9
What is the units digit of 665551?
1
What is the units digit of 115427?
7
What is the units digit of 6500487?
7
What is the tens digit of 26838137?
3
What is the thousands digit of 23828?
3
What is the hundred thousands digit of 259121?
2
What is the hundred thousands digit of 19904566?
9
What is the thousands digit of 351126?
1
What is the ten thousands digit of 4725825?
2
What is the hundreds digit of 3828894?
8
What is the hundreds digit of 120099?
0
What is the hundreds digit of 489893?
8
What is the tens digit of 1647231?
3
What is the hundreds digit of 316163?
1
What is the ten thousands digit of 355401?
5
What is the ten thousands digit of 2167053?
6
What is the hundred thousands digit of 7881930?
8
What is the hundreds digit of 529771?
7
What is the millions digit of 2167372?
2
What is the tens digit of 819374?
7
What is the ten thousands digit of 5882381?
8
What is the hundred thousands digit of 291673?
2
What is the tens digit of 265016?
1
What is the thousands digit of 275946?
5
What is the ten thousands digit of 1577099?
7
What is the ten thousands digit of 14122064?
2
What is the ten millions digit of 13032820?
1
What is the millions digit of 8134723?
8
What is the ten thousands digit of 81199?
8
What is the hundreds digit of 5868613?
6
What is the tens digit of 587895?
9
What is the thousands digit of 3275645?
5
What is the ten thousands digit of 2990673?
9
What is the ten thousands digit of 5582718?
8
What is the hundred thousands digit of 596392?
5
What is the ten thousands digit of 803927?
0
What is the tens digit of 304777?
7
What is the ten thousands digit of 6455350?
5
What is the thousands digit of 338844?
8
What is the tens digit of 1580433?
3
What is the hundred thousands digit of 22807519?
8
What is the units digit of 557986?
6
What is the tens digit of 117590?
9
What is the tens digit of 12115163?
6
What is the units digit of 313158?
8
What is the tens digit of 608338?
3
What is the units digit of 5698244?
4
What is the ten